rs of t?
5, 7
Let n(t) = -t - 4. Let g be n(6). What are the prime factors of (2 + -1)/(g/(-550))?
5, 11
Suppose 3*u + 2*u = 3405. Suppose -2*s = -5*x + 119 + u, -459 = -3*x - 3*s. List the prime factors of x.
2, 79
Let n(u) = -u**3 + 9*u**2 - 6*u + 3. Let c(a) = 2*a - 38. Let g be c(22). What are the prime factors of n(g)?
3, 5
List the prime factors of (-76 - -71) + 1258 + 1.
2, 3, 11, 19
List the prime factors of ((-18)/6 - 237/(-6))*22.
11, 73
Let w = -9 - -3. Let z(g) = 9*g + 20. Let v(a) = 17*a + 39. Let x(q) = -4*v(q) + 7*z(q). List the prime factors of x(w).
2, 7
Suppose 17 - 77 = v - 4*w, 5*v - 3*w = -215. Let a = v + 73. What are the prime factors of a?
3, 11
Let x be (1 - -1) + (-12)/(-3). Suppose 0 = x*o - 5*o - 2. What are the prime factors of o?
2
Suppose -4245 = -29*h + 26*h. What are the prime factors of h?
5, 283
Let n be -4 - -4 - (-1 + -3). Suppose 0 = -n*t - 2 + 46. Let i = t - -8. List the prime factors of i.
19
Let y(n) = n**3 + 9*n**2 + 2. Let w(a) = 5*a**3 + 45*a**2 + a + 10. Let o(b) = -2*w(b) + 11*y(b). Let c be o(-5). List the prime factors of (-6)/15 - c/(-5).
2, 11
Let n(p) = -p**2 - 9*p + 6. Let l be 12/(-4 + 2)*-3. Suppose -y = -5*v - l, 5*y = -0*y - v - 40. What are the prime factors of n(y)?
2, 5
Let t = -89 - -136. Suppose -t - 27 = -h. What are the prime factors of h?
2, 37
What are the prime factors of 2*-476*(-13)/26?
2, 7, 17
Suppose -4*z = -o + 3*o + 10, -z = 4. Suppose o*v - 123 = 270. List the prime factors of v.
131
Let f(c) = c**2 - 5*c + 8. Let x be f(4). Suppose 4*j - j = p + 296, -2*p = x. What are the prime factors of j?
2, 7
Suppose -5*f + 11*f = 294. List the prime factors of f.
7
Suppose -4*t = x - 913, 0 = -0*x + x - 4*t - 897. Suppose -4*r - r + x = 4*j, -5*j = -r + 181. List the prime factors of r.
181
Let m be (-564)/15 + 12/(-30). Let i = 144 + m. What are the prime factors of i?
2, 53
Let f = 7 - 5. Let p(c) = -12*c - 2 - f + 1 + 0. List the prime factors of p(-4).
3, 5
Let r be 30/8*64/16. Let o be 51/2 - (-6)/12. Let w = o - r. List the prime factors of w.
11
Let k be 54/(-15)*(-3 + (-4)/(-8)). List the prime factors of 6/2*-1*(-93)/k.
31
Suppose -23*g = -29*g + 9198. What are the prime factors of g?
3, 7, 73
Let p(g) = 2*g**3 - 7*g**2 - 2*g - 12. List the prime factors of p(7).
317
Suppose 3*t - 5092 = 5*r, -3*r - 13007 = -5*t - 4547. What are the prime factors of t?
3, 563
Let d = 5620 + -3750. Suppose 0 = 4*u + 7*u - d. What are the prime factors of u?
2, 5, 17
Suppose 3*o + 0*z - 5*z + 58 = 0, 43 = -2*o - z. Let g(p) = p**3 + 22*p**2 + 13*p + 16. What are the prime factors of g(o)?
2, 23
Let h(p) = 2*p**2 - 5*p - 14. Suppose 5*f = 5*k - 11 - 19, 4*f + 6 = k. What are the prime factors of h(k)?
2, 7
Let g = -32 - -36. Suppose -g*y + 400 = 72. List the prime factors of y.
2, 41
Suppose 15*f + 14 = 17*f. Suppose -f*t + 275 = -2*t. What are the prime factors of 6/(-3 + 6) + t?
3, 19
Let c be 5 + -2 + -2 - -4. Suppose -76 = -f + t, 0 = -2*t + c*t. What are the prime factors of f?
2, 19
Suppose -15600 = -4*i - o + 2*o, 3*o + 12 = 0. What are the prime factors of i?
7, 557
Let m(o) = o**3 - o**2 + o - 1. Let j be m(1). List the prime factors of (-3 + (-249)/3 + j)*-1.
2, 43
Let m(v) = -14*v**2 + 11*v**3 + 3 - 6*v**3 - 3*v**3 + v. List the prime factors of m(7).
2, 5
Let a be (-6)/33 + 210/66. List the prime factors of (7/a)/(12/180).
5, 7
Suppose -5*r = -9 + 39. Let h(j) = j**2 + 2*j - 1. Let y be h(r). Let m = y + 20. What are the prime factors of m?
43
What are the prime factors of 733 - (6 + 15 + -11)?
3, 241
Suppose 14*h = 7*h + 3269. List the prime factors of h.
467
Let w = -82 + 87. Suppose -1048 + 328 = -w*s. What are the prime factors of s?
2, 3
Suppose 3*r - 5*v = -64, 5*r - 2*v - 2*v + 98 = 0. Let d be r/(-12)*20/6. Suppose 0 = 5*z - 0*z + y - 115, -y = d. What are the prime factors of z?
2, 3
Suppose 777 = -h + 4*j, 5*h - 2*j - 3*j + 3885 = 0. What are the prime factors of (48/(-21) - -4)/((-6)/h)?
2, 3, 37
Let r = 163 - 9. List the prime factors of (-7)/(-35) + r/5.
31
Let n = 18 + -9. Suppose -2*u + 396 = -2*x, 5*x = 8*u - n*u + 210. List the prime factors of u.
2, 5
Suppose -2*o - 1 = -3*o. Let g(a) = 2*a**2 + a - 1. Let m be g(o). Suppose m + 9 = r. List the prime factors of r.
11
Let n = -1725 + -30. What are the prime factors of 2 - ((-24)/(-10))/(26/n)?
2, 41
Suppose 43292 + 24640 = 36*a. List the prime factors of a.
3, 17, 37
Suppose 2*t + 3*a - 1205 = -3*t, t - 2*a = 241. Suppose -3*y + n + t = 0, 4*y - 2*y + n = 169. What are the prime factors of y?
2, 41
Suppose 5*z = d - 25, z + 10 = 2*d - z. Let w = -43 + 73. Suppose d*q + q - w = 0. What are the prime factors of q?
2, 3, 5
Let n be (-2 - -3)/((-9)/(-4536)). Suppose -8*b + n = -640. What are the prime factors of b?
11, 13
Suppose -4*n = 4*m - 40, -3*m + 49 = 5*n + m. Let h be (-3 + n)*(-4)/(-6). Suppose -2*i - g = 3*i - 76, h*i + 5*g - 65 = 0. What are the prime factors of i?
3, 5
Let k(o) = 4*o**2 + 5*o - 6. Let r = -40 + 43. List the prime factors of k(r).
3, 5
Suppose 26*v - 44553 - 26063 = 0. What are the prime factors of v?
2, 7, 97
Let o be 8/1 + 2 + -6. Let k(v) = -2*v + 2 + 7*v + 3*v**2 + 4*v**3 - 5*v**3 + 1. What are the prime factors of k(o)?
7
Let q(x) = 22*x + 52. Let f(r) = 7*r + 17. Let c(u) = 8*f(u) - 3*q(u). List the prime factors of c(-10).
2, 5
Let h = 39 - 34. Suppose 3*u - h - 14 = -k, -5*u = 3*k - 29. List the prime factors of u.
7
List the prime factors of (-2)/(4/91)*14250/(-475).
3, 5, 7, 13
Let j = -3 + 5. Suppose -5*z = -p + 57, -171 = -3*p - z - j*z. List the prime factors of p.
3, 19
Suppose -4*n - 21*m = -20*m - 7059, -5*n - 4*m = -8821. List the prime factors of n.
5, 353
Suppose 12 = 3*z - 15. Let y(p) = -p**3 + 10*p**2 - 5*p - 13. Let s be y(z). Suppose 0 = 4*u + l - 137, 0 = u - 0*u - 2*l - s. List the prime factors of u.
3, 11
Let i be ((-18)/(-8))/((-6)/16). Let b = -6 - i. List the prime factors of b + 1 + 9 + 0.
2, 5
Let k(q) = -q**3 - 7*q**2 - q + 1. Let u be k(-7). Suppose -u = -y + 31. List the prime factors of y.
3, 13
Suppose 4*y + 5*b = 2677, 4*y - 1438 = b + 1233. List the prime factors of y.
2, 167
Let w(l) = 61*l**3 + l**2 - 2*l + 1. Suppose 0 = -5*h - z - 0*z, 0 = -5*h + 3*z + 20. What are the prime factors of w(h)?
61
Let g be 24/20*95/2. Suppose -5*j + 58 = -g. List the prime factors of j.
23
Let d = -79 - -53. Let b = d - -65. What are the prime factors of b?
3, 13
Suppose -58279 = -35*b - 22089. What are the prime factors of b?
2, 11, 47
Suppose -s - 2*x = -45, 3*s = -6*x + x + 137. Suppose 25 = r - s. What are the prime factors of r?
2, 37
Suppose -293 = -3*f + 1. What are the prime factors of f?
2, 7
Let q(u) = 8*u**2 + 21*u - 5. List the prime factors of q(-5).
2, 3, 5
Let i = 648 + -536. What are the prime factors of i?
2, 7
Let k(q) = 48*q**2 + 9*q + 10. List the prime factors of k(-3).
5, 83
Suppose 1 = w - 3, 10098 = 2*g + 4*w. What are the prime factors of g?
71
Let l(o) = 6*o - 13. Suppose 5*x - x - 31 = -f, 4*x + 5*f - 43 = 0. List the prime factors of l(x).
29
Let w be -5 - -1 - (-2 + 1). Let j be (-1)/(-8) + w/24. Suppose 5*r = -5*t + 215, -r - 3*t = -j*t - 53. List the prime factors of r.
2, 19
Let g = -7 + 12. Suppose -1 = g*w - 21. Suppose w*c = 126 - 6. List the prime factors of c.
2, 3, 5
Let n = -192 + 305. What are the prime factors of n?
113
Suppose -2*w - 269 = -3697. List the prime factors of w.
2, 857
Let c(r) = 22*r**2 - 35*r + 28. What are the prime factors of c(14)?
2, 5, 7, 11
Let t(q) = -q. Let a(y) = -2*y**2 - 11*y + 1. Let x(c) = -2*a(c) + 22*t(c). Let n be -1*3 + (-2)/(-2). List the prime factors of x(n).
2, 7
Let j be 8 + 3/(12/8). Let t(q) = -4*q**2 + q + j + 3*q**2 + 10*q + q. What are the prime factors of t(7)?
3, 5
Suppose -24 = -28*g + 31*g. What are the prime factors of 396/g*(-8)/3?
2, 3, 11
Suppose 0 = 4*l + 8 - 24. Suppose -609 = -l*z - 57. Suppose -6*o - 6 = -z. What are the prime factors of o?
2, 11
Suppose -3*l + 5*r = -1307, -l = -3*l + 4*r + 870. List the prime factors of l.
439
Let z(j) = 31*j**2 + j. Let y be z(1). Let c = y + -12. List the prime factors of c.
2, 5
Let a(f) = -10*f**3 + 2*f**2 + 4*f + 2. Let w be a(-1). Suppose 4*s - 3710 = -w*s. What are the prime factors of s?
5, 53
Let z(h) be the third derivat